[INFO] cloning repository https://github.com/alexgnatrow/toy-bch
[INFO] running `Command { std: "git" "-c" "credential.helper=" "-c" "credential.helper=/workspace/cargo-home/bin/git-credential-null" "clone" "--bare" "https://github.com/alexgnatrow/toy-bch" "/workspace/cache/git-repos/https%3A%2F%2Fgithub.com%2Falexgnatrow%2Ftoy-bch", kill_on_drop: false }`
[INFO] [stderr] Cloning into bare repository '/workspace/cache/git-repos/https%3A%2F%2Fgithub.com%2Falexgnatrow%2Ftoy-bch'...
[INFO] running `Command { std: "git" "rev-parse" "HEAD", kill_on_drop: false }`
[INFO] [stdout] e5f58b6193fcfa3b5247d8e038c9ffc70954209b
[INFO] checking alexgnatrow/toy-bch against master#e6e4f7ed1589e03bc2f6c5931c1a72e7947e8682 for beta-170-4
[INFO] running `Command { std: "git" "clone" "/workspace/cache/git-repos/https%3A%2F%2Fgithub.com%2Falexgnatrow%2Ftoy-bch" "/workspace/builds/worker-3-tc2/source", kill_on_drop: false }`
[INFO] [stderr] Cloning into '/workspace/builds/worker-3-tc2/source'...
[INFO] [stderr] done.
[INFO] validating manifest of git repo https://github.com/alexgnatrow/toy-bch on toolchain e6e4f7ed1589e03bc2f6c5931c1a72e7947e8682
[INFO] running `Command { std: CARGO_HOME="/workspace/cargo-home" RUSTUP_HOME="/workspace/rustup-home" "/workspace/cargo-home/bin/cargo" "+e6e4f7ed1589e03bc2f6c5931c1a72e7947e8682" "metadata" "--manifest-path" "Cargo.toml" "--no-deps", kill_on_drop: false }`
[INFO] started tweaking git repo https://github.com/alexgnatrow/toy-bch
[INFO] finished tweaking git repo https://github.com/alexgnatrow/toy-bch
[INFO] tweaked toml for git repo https://github.com/alexgnatrow/toy-bch written to /workspace/builds/worker-3-tc2/source/Cargo.toml
[INFO] crate git repo https://github.com/alexgnatrow/toy-bch already has a lockfile, it will not be regenerated
[INFO] running `Command { std: CARGO_HOME="/workspace/cargo-home" RUSTUP_HOME="/workspace/rustup-home" "/workspace/cargo-home/bin/cargo" "+e6e4f7ed1589e03bc2f6c5931c1a72e7947e8682" "fetch" "--manifest-path" "Cargo.toml", kill_on_drop: false }`
[INFO] running `Command { std: "docker" "create" "-v" "/var/lib/crater-agent-workspace/builds/worker-3-tc2/target:/opt/rustwide/target:rw,Z" "-v" "/var/lib/crater-agent-workspace/builds/worker-3-tc2/source:/opt/rustwide/workdir:ro,Z" "-v" "/var/lib/crater-agent-workspace/cargo-home:/opt/rustwide/cargo-home:ro,Z" "-v" "/var/lib/crater-agent-workspace/rustup-home:/opt/rustwide/rustup-home:ro,Z" "-e" "SOURCE_DIR=/opt/rustwide/workdir" "-e" "CARGO_TARGET_DIR=/opt/rustwide/target" "-e" "CARGO_HOME=/opt/rustwide/cargo-home" "-e" "RUSTUP_HOME=/opt/rustwide/rustup-home" "-w" "/opt/rustwide/workdir" "-m" "1610612736" "--user" "0:0" "--network" "none" "ghcr.io/rust-lang/crates-build-env/linux@sha256:5ff2268d62e97bff2cde7d5815dd6ed5b47097566f13b8d0ca110b04b60e07ed" "/opt/rustwide/cargo-home/bin/cargo" "+e6e4f7ed1589e03bc2f6c5931c1a72e7947e8682" "metadata" "--no-deps" "--format-version=1", kill_on_drop: false }`
[INFO] [stdout] d4539054d65dc85426579f9c78fc2df58761339d29d71e4857d60ba8a0896ed6
[INFO] running `Command { std: "docker" "start" "-a" "d4539054d65dc85426579f9c78fc2df58761339d29d71e4857d60ba8a0896ed6", kill_on_drop: false }`
[INFO] running `Command { std: "docker" "inspect" "d4539054d65dc85426579f9c78fc2df58761339d29d71e4857d60ba8a0896ed6", kill_on_drop: false }`
[INFO] running `Command { std: "docker" "rm" "-f" "d4539054d65dc85426579f9c78fc2df58761339d29d71e4857d60ba8a0896ed6", kill_on_drop: false }`
[INFO] [stdout] d4539054d65dc85426579f9c78fc2df58761339d29d71e4857d60ba8a0896ed6
[INFO] running `Command { std: "docker" "create" "-v" "/var/lib/crater-agent-workspace/builds/worker-3-tc2/target:/opt/rustwide/target:rw,Z" "-v" "/var/lib/crater-agent-workspace/builds/worker-3-tc2/source:/opt/rustwide/workdir:ro,Z" "-v" "/var/lib/crater-agent-workspace/cargo-home:/opt/rustwide/cargo-home:ro,Z" "-v" "/var/lib/crater-agent-workspace/rustup-home:/opt/rustwide/rustup-home:ro,Z" "-e" "SOURCE_DIR=/opt/rustwide/workdir" "-e" "CARGO_TARGET_DIR=/opt/rustwide/target" "-e" "CARGO_INCREMENTAL=0" "-e" "RUST_BACKTRACE=full" "-e" "RUSTFLAGS=--cap-lints=forbid" "-e" "RUSTDOCFLAGS=--cap-lints=forbid" "-e" "CARGO_HOME=/opt/rustwide/cargo-home" "-e" "RUSTUP_HOME=/opt/rustwide/rustup-home" "-w" "/opt/rustwide/workdir" "-m" "1610612736" "--user" "0:0" "--network" "none" "ghcr.io/rust-lang/crates-build-env/linux@sha256:5ff2268d62e97bff2cde7d5815dd6ed5b47097566f13b8d0ca110b04b60e07ed" "/opt/rustwide/cargo-home/bin/cargo" "+e6e4f7ed1589e03bc2f6c5931c1a72e7947e8682" "check" "--frozen" "--all" "--all-targets" "--message-format=json", kill_on_drop: false }`
[INFO] [stdout] 7819ddedaf2c69dbe7d8debeb6f3404b9a366cae0eb7164e32bf9e1ff0aba0ea
[INFO] running `Command { std: "docker" "start" "-a" "7819ddedaf2c69dbe7d8debeb6f3404b9a366cae0eb7164e32bf9e1ff0aba0ea", kill_on_drop: false }`
[INFO] [stderr]    Compiling version_check v0.9.4
[INFO] [stderr]    Compiling proc-macro2 v0.4.27
[INFO] [stderr]    Compiling typenum v1.15.0
[INFO] [stderr]    Compiling syn v0.15.29
[INFO] [stderr]    Compiling ryu v0.2.7
[INFO] [stderr]    Compiling serde v1.0.89
[INFO] [stderr]    Compiling libc v0.2.126
[INFO] [stderr]     Checking itoa v0.4.3
[INFO] [stderr]     Checking cpufeatures v0.2.2
[INFO] [stderr]    Compiling generic-array v0.14.6
[INFO] [stderr]    Compiling quote v0.6.11
[INFO] [stderr]     Checking time v0.1.42
[INFO] [stderr]     Checking block-buffer v0.10.2
[INFO] [stderr]     Checking crypto-common v0.1.6
[INFO] [stderr]     Checking digest v0.10.3
[INFO] [stderr]     Checking sha2 v0.10.2
[INFO] [stderr]    Compiling serde_derive v1.0.89
[INFO] [stderr]     Checking serde_json v1.0.39
[INFO] [stderr]     Checking toy-bch v0.1.0 (/opt/rustwide/workdir)
[INFO] [stdout] error[E0599]: no method named `input` found for struct `CoreWrapper` in the current scope
[INFO] [stdout]    --> src/blockchain.rs:163:16
[INFO] [stdout]     |
[INFO] [stdout] 163 |         hasher.input(input.as_bytes());
[INFO] [stdout]     |                ^^^^^ method not found in `CoreWrapper<CtVariableCoreWrapper<Sha256VarCore, UInt<UInt<UInt<UInt<UInt<UInt<UTerm, B1>, B0>, B0>, B0>, B0>, B0>>>`
[INFO] [stdout] 
[INFO] [stdout] 
[INFO] [stdout] error[E0599]: no method named `input` found for struct `CoreWrapper` in the current scope
[INFO] [stdout]    --> src/blockchain.rs:163:16
[INFO] [stdout]     |
[INFO] [stdout] 163 |         hasher.input(input.as_bytes());
[INFO] [stdout]     |                ^^^^^ method not found in `CoreWrapper<CtVariableCoreWrapper<Sha256VarCore, UInt<UInt<UInt<UInt<UInt<UInt<UTerm, B1>, B0>, B0>, B0>, B0>, B0>>>`
[INFO] [stdout] 
[INFO] [stdout] 
[INFO] [stdout] error[E0599]: no method named `result` found for struct `CoreWrapper` in the current scope
[INFO] [stdout]    --> src/blockchain.rs:165:26
[INFO] [stdout]     |
[INFO] [stdout] 165 |         let res = hasher.result();
[INFO] [stdout]     |                          ^^^^^^ method not found in `CoreWrapper<CtVariableCoreWrapper<Sha256VarCore, UInt<UInt<UInt<UInt<UInt<UInt<UTerm, B1>, B0>, B0>, B0>, B0>, B0>>>`
[INFO] [stdout] 
[INFO] [stdout] 
[INFO] [stdout] error[E0599]: no method named `result` found for struct `CoreWrapper` in the current scope
[INFO] [stdout]    --> src/blockchain.rs:165:26
[INFO] [stdout]     |
[INFO] [stdout] 165 |         let res = hasher.result();
[INFO] [stdout]     |                          ^^^^^^ method not found in `CoreWrapper<CtVariableCoreWrapper<Sha256VarCore, UInt<UInt<UInt<UInt<UInt<UInt<UTerm, B1>, B0>, B0>, B0>, B0>, B0>>>`
[INFO] [stdout] 
[INFO] [stdout] 
[INFO] [stdout] warning: unused import: `Digest`
[INFO] [stdout]  --> src/blockchain.rs:3:12
[INFO] [stdout]   |
[INFO] [stdout] 3 | use sha2::{Digest, Sha256};
[INFO] [stdout]   |            ^^^^^^
[INFO] [stdout]   |
[INFO] [stdout]   = note: `#[warn(unused_imports)]` on by default
[INFO] [stdout] 
[INFO] [stdout] 
[INFO] [stdout] warning: unused import: `Digest`
[INFO] [stdout]  --> src/blockchain.rs:3:12
[INFO] [stdout]   |
[INFO] [stdout] 3 | use sha2::{Digest, Sha256};
[INFO] [stdout]   |            ^^^^^^
[INFO] [stdout]   |
[INFO] [stdout]   = note: `#[warn(unused_imports)]` on by default
[INFO] [stdout] 
[INFO] [stdout] 
[INFO] [stdout] error: aborting due to 2 previous errors; 1 warning emitted
[INFO] [stdout] 
[INFO] [stdout] 
[INFO] [stdout] For more information about this error, try `rustc --explain E0599`.
[INFO] [stdout] 
[INFO] [stdout] error: aborting due to 2 previous errors; 1 warning emitted
[INFO] [stdout] 
[INFO] [stdout] 
[INFO] [stdout] For more information about this error, try `rustc --explain E0599`.
[INFO] [stdout] 
[INFO] [stderr] error: could not compile `toy-bch` (bin "toy-bch" test) due to 3 previous errors; 1 warning emitted
[INFO] [stderr] warning: build failed, waiting for other jobs to finish...
[INFO] [stderr] error: could not compile `toy-bch` (bin "toy-bch") due to 3 previous errors; 1 warning emitted
[INFO] running `Command { std: "docker" "inspect" "7819ddedaf2c69dbe7d8debeb6f3404b9a366cae0eb7164e32bf9e1ff0aba0ea", kill_on_drop: false }`
[INFO] running `Command { std: "docker" "rm" "-f" "7819ddedaf2c69dbe7d8debeb6f3404b9a366cae0eb7164e32bf9e1ff0aba0ea", kill_on_drop: false }`
[INFO] [stdout] 7819ddedaf2c69dbe7d8debeb6f3404b9a366cae0eb7164e32bf9e1ff0aba0ea
